{"id":1510,"date":"2020-11-15T07:23:38","date_gmt":"2020-11-15T07:23:38","guid":{"rendered":"https:\/\/bestelements.de\/?post_type=avada_faq&#038;p=1510"},"modified":"2025-11-05T15:31:20","modified_gmt":"2025-11-05T14:31:20","slug":"der-koerper-braucht-doch-mineralien","status":"publish","type":"avada_faq","link":"https:\/\/bestelements.de\/de\/faq-items\/der-koerper-braucht-doch-mineralien\/","title":{"rendered":"Der K\u00f6rper braucht doch Mineralien?"},"content":{"rendered":"<p><div class=\"fusion-fullwidth fullwidth-box fusion-builder-row-1 fusion-flex-container nonhundred-percent-fullwidth non-hundred-percent-height-scrolling\" style=\"--awb-border-radius-top-left:0px;--awb-border-radius-top-right:0px;--awb-border-radius-bottom-right:0px;--awb-border-radius-bottom-left:0px;--awb-flex-wrap:wrap;\" ><div class=\"fusion-builder-row fusion-row fusion-flex-align-items-flex-start fusion-flex-content-wrap\" style=\"max-width:1185.6px;margin-left: calc(-4% \/ 2 );margin-right: calc(-4% \/ 2 );\"><div class=\"fusion-layout-column fusion_builder_column fusion-builder-column-0 fusion_builder_column_1_1 1_1 fusion-flex-column\" style=\"--awb-bg-size:cover;--awb-width-large:100%;--awb-margin-top-large:0px;--awb-spacing-right-large:1.92%;--awb-margin-bottom-large:0px;--awb-spacing-left-large:1.92%;--awb-width-medium:100%;--awb-spacing-right-medium:1.92%;--awb-spacing-left-medium:1.92%;--awb-width-small:100%;--awb-spacing-right-small:1.92%;--awb-spacing-left-small:1.92%;\"><div class=\"fusion-column-wrapper fusion-flex-justify-content-flex-start fusion-content-layout-column\"><div class=\"fusion-text fusion-text-1\"><p>Absolut richtig. Und die werden nahezu vollst\u00e4ndig mit der Nahrung aufgenommen. Der Mensch kann seinen Bedarf gar nicht mit Mineralien aus dem Wasser decken. Dazu sind die im Wasser gel\u00f6sten Mengen viel zu gering, auch bei besonders mineralhaltigen W\u00e4ssern.<\/p>\n<p>Man m\u00fcsste t\u00e4glich bis zu 10 Liter Wasser trinken, um die erforderliche Menge aufzunehmen \u2013 die Vertr\u00e4glichkeitsbarriere im Wasser gel\u00f6ster Mineralien mal au\u00dfer Acht gelassen. Die Aufnahme von Mineralstoffen, die in der Nahrung gel\u00f6st sind, f\u00e4llt dem K\u00f6per nachweislich um Vieles leichter und ist effizienter. Selbst auf Mineralwasserflaschen steht der Hinweis: Achten Sie auf eine ausgewogene Ern\u00e4hrung. [<a href=\"https:\/\/bestelements.de\/de\/einfach-erklaert\/woher-bekomme-ich-ohne-mineralwasser-mineralien\/\">mehr \u00fcber Mineralien im K\u00f6rper<\/a>]<\/p>\n<\/div><\/div><\/div><\/div><\/div><\/p>","protected":false},"excerpt":{"rendered":"<p>Leider ist der Eintrag nur auf English und Espa\u00f1ol verf\u00fcgbar.Absolutely right. And they are almost entirely absorbed through food. Humans simply cannot meet their needs with minerals from water alone. The amounts dissolved in water <a href=\"https:\/\/bestelements.de\/de\/faq-items\/der-koerper-braucht-doch-mineralien\/\">&#8230; [Beitrag \u00f6ffnen]<\/a><\/p>\n","protected":false},"author":1,"featured_media":0,"menu_order":5,"comment_status":"open","ping_status":"closed","template":"","format":"standard","meta":{"footnotes":""},"faq_category":[100],"class_list":["post-1510","avada_faq","type-avada_faq","status-publish","format-standard","hentry","faq_category-trinkwasser"],"_links":{"self":[{"href":"https:\/\/bestelements.de\/de\/wp-json\/wp\/v2\/avada_faq\/1510","targetHints":{"allow":["GET"]}}],"collection":[{"href":"https:\/\/bestelements.de\/de\/wp-json\/wp\/v2\/avada_faq"}],"about":[{"href":"https:\/\/bestelements.de\/de\/wp-json\/wp\/v2\/types\/avada_faq"}],"author":[{"embeddable":true,"href":"https:\/\/bestelements.de\/de\/wp-json\/wp\/v2\/users\/1"}],"replies":[{"embeddable":true,"href":"https:\/\/bestelements.de\/de\/wp-json\/wp\/v2\/comments?post=1510"}],"version-history":[{"count":0,"href":"https:\/\/bestelements.de\/de\/wp-json\/wp\/v2\/avada_faq\/1510\/revisions"}],"wp:attachment":[{"href":"https:\/\/bestelements.de\/de\/wp-json\/wp\/v2\/media?parent=1510"}],"wp:term":[{"taxonomy":"faq_category","embeddable":true,"href":"https:\/\/bestelements.de\/de\/wp-json\/wp\/v2\/faq_category?post=1510"}],"curies":[{"name":"wp","href":"https:\/\/api.w.org\/{rel}","templated":true}]}}

Der Körper braucht doch Mineralien?

<p><div class="fusion-fullwidth fullwidth-box fusion-builder-row-1 fusion-flex-container nonhundred-percent-fullwidth non-hundred-percent-height-scrolling" style="--awb-border-radius-top-left:0px;--awb-border-radius-top-right:0px;--awb-border-radius-bottom-right:0px;--awb-border-radius-bottom-left:0px;--awb-flex-wrap:wrap;" ><div class="fusion-builder-row fusion-row fusion-flex-align-items-flex-start fusion-flex-content-wrap" style="max-width:1185.6px;margin-left: calc(-4% / 2 );margin-right: calc(-4% / 2 );"><div class="fusion-layout-column fusion_builder_column fusion-builder-column-0 fusion_builder_column_1_1 1_1 fusion-flex-column" style="--awb-bg-size:cover;--awb-width-large:100%;--awb-margin-top-large:0px;--awb-spacing-right-large:1.92%;--awb-margin-bottom-large:0px;--awb-spacing-left-large:1.92%;--awb-width-medium:100%;--awb-spacing-right-medium:1.92%;--awb-spacing-left-medium:1.92%;--awb-width-small:100%;--awb-spacing-right-small:1.92%;--awb-spacing-left-small:1.92%;"><div class="fusion-column-wrapper fusion-flex-justify-content-flex-start fusion-content-layout-column"><div class="fusion-text fusion-text-1"><p>Absolut richtig. Und die werden nahezu vollständig mit der Nahrung aufgenommen. Der Mensch kann seinen Bedarf gar nicht mit Mineralien aus dem Wasser decken. Dazu sind die im Wasser gelösten Mengen viel zu gering, auch bei besonders mineralhaltigen Wässern.</p>
<p>Man müsste täglich bis zu 10 Liter Wasser trinken, um die erforderliche Menge aufzunehmen – die Verträglichkeitsbarriere im Wasser gelöster Mineralien mal außer Acht gelassen. Die Aufnahme von Mineralstoffen, die in der Nahrung gelöst sind, fällt dem Köper nachweislich um Vieles leichter und ist effizienter. Selbst auf Mineralwasserflaschen steht der Hinweis: Achten Sie auf eine ausgewogene Ernährung. [<a href="https://bestelements.de/de/einfach-erklaert/woher-bekomme-ich-ohne-mineralwasser-mineralien/">mehr über Mineralien im Körper</a>]</p>
</div></div></div></div></div></p>

<p>Leider ist der Eintrag nur auf English und Español verfügbar.Absolutely right. And they are almost entirely absorbed through food. Humans simply cannot meet their needs with minerals from water alone. The amounts dissolved in water <a href="https://bestelements.de/de/faq-items/der-koerper-braucht-doch-mineralien/">&#8230; [Beitrag öffnen]</a></p>
